0 = -5*k. Calculate the remainder when s is divided by 12.
9
Let y(g) = -g**3 - 10*g**2 - 8*g + 5. Let n be y(-9). Let z be 0/(n - -6) + 3. Suppose -z*k + 2 = -25. What is the remainder when 33 is divided by k?
6
Suppose c = -5*n + 9, 3*c - 5*n + 35 - 122 = 0. Suppose -2*r - 4*z = -250, -2*z + 15 = 3*z. Calculate the remainder when r is divided by c.
23
Suppose 0 = 2*y - m + 2, -3*y - m = -5 + 3. Suppose -3*b + 3 + 3 = y. Let d(g) = 5*g**2 - g. Calculate the remainder when 52 is divided by d(b).
16
Calculate the remainder when (-4)/1 - 2 - (-49 - 0) is divided by 23.
20
Let p(g) = -9*g - 1. Suppose 245 = -41*h + 36*h. Let v = h + 71. What is the remainder when v is divided by p(-1)?
6
Let j(o) = 3*o + 347. What is the remainder when j(0) is divided by 58?
57
Let b = 113 - 46. Calculate the remainder when 333 is divided by b.
65
Let i be -2 - (6 - 4 - 16). Suppose i*l = 1601 - 605. What is the remainder when l is divided by 14?
13
Let t(i) = -i**3 - 3*i**2 + 4*i - 7. Let h(g) = -g**3 + 4*g**2 - g + 2. Let w be h(4). What is the remainder when (-804)/(-6)*(-1)/w is divided by t(-5)?
21
Let b = 9 + -6. Let i = 1 + b. Calculate the remainder when 4/8*29*i is divided by 15.
13
Let k(r) = r**3 + 10*r**2 + r + 14. Let j = -640 - -647. What is the remainder when j is divided by k(-10)?
3
Suppose -32 = r + 5*c - 150, 2*r - 191 = 5*c. Suppose -2*g - 4*b = -34, g = -0*g + 3*b + 27. Calculate the remainder when r is divided by g.
19
Let z(f) = -f + 61. What is the remainder when 922 is divided by z(19)?
40
Suppose -15*v = -18*v + 3*w + 129, -98 = -2*v + 5*w. What is the remainder when 270 is divided by v?
36
Let m(a) = 16*a + 116. Calculate the remainder when m(9) is divided by 124.
12
Let o = -20 + 26. Let t = 12 + o. Let w = 3 + t. Calculate the remainder when w is divided by 11.
10
Calculate the remainder when 1/((-870)/872 - (58 - 59)) is divided by 88.
84
Suppose 5*s - 2*k - 1408 = -488, -184 = -s + 4*k. Calculate the remainder when 376 is divided by s.
8
Let m(g) = -8*g - 22. Suppose -u - 172 = -2*k, 3*k + k = 4*u + 336. Calculate the remainder when k is divided by m(-5).
16
Let h(o) = -o**3 - 3*o**2 - 1. Let n be h(-3). Let i(f) = -8*f - 4. Calculate the remainder when i(n) is divided by 2.
0
Suppose 5*j - 83 = -5*k + 267, 0 = 4*k - 5*j - 244. Calculate the remainder when k is divided by 21.
3
Let k = -343 + 381. Let d = -8 - -16. Calculate the remainder when k is divided by d.
6
Let j(r) = -r**2 + 32*r + 20. Let x be j(20). Let p = 440 - x. What is the remainder when p is divided by 14?
12
Let v = -333 - -663. Calculate the remainder when v is divided by 54.
6
Let m = -34 + 49. Suppose -10*a - 670 = -m*a. What is the remainder when a is divided by 45?
44
Let a = -101 + 188. Calculate the remainder when 781 is divided by a.
85
Suppose -4*h = -4*r + 2732, -4*r + 2*h = 4*h - 2756. What is the remainder when r is divided by 16?
15
Let b(m) = m**3 + 15*m**2 - 32*m - 191. What is the remainder when 518 is divided by b(-16)?
63
Suppose -55 = 18*a - 23*a. Suppose 6*l = a*l - 200. Calculate the remainder when l is divided by 23.
17
Let x = 15 + -9. Suppose 0 = 2*s + 4. What is the remainder when 8 + 4 + 1*s is divided by x?
4
Let o be ((-2)/3)/(1/(-6)). Suppose -o*r = -5*r + 2, -2*j - 5*r = -54. Suppose -4*h - 315 = -9*h. Calculate the remainder when h is divided by j.
19
Let m = 370 + -339. What is the remainder when 85 is divided by m?
23
Let v(j) = 5*j - 71. What is the remainder when v(19) is divided by 10?
4
Let j(u) = 6*u**2 - 6*u + 3. Suppose h - 3*l - l - 18 = 0, -5*l - 22 = -h. Calculate the remainder when 57 is divided by j(h).
12
Suppose -83 - 207 = -10*m. Let j = -19 + m. Let d(n) = 3*n - 3. What is the remainder when j is divided by d(3)?
4
Let o(w) = -w**3 + w**2 - 4*w - 2. Let a be o(-5). Suppose 7*q + 13 - 48 = 0. Suppose f - a = -q*f. Calculate the remainder when f is divided by 10.
8
Suppose -3*f - 680 = -2*d, 2*f + 258 = d - 83. What is the remainder when d is divided by 26?
25
Suppose -2*y = y. Suppose y = 2*h + 3*f + 5, 9 - 1 = -4*h - 4*f. Calculate the remainder when h/(14/5 - 3) is divided by 2.
1
Suppose -65 = 34*j - 35*j - 4*s, 0 = -5*j + 2*s + 281. Calculate the remainder when 79 is divided by j.
22
Let y(r) = -r**3 - 7*r**2 + 3*r - 18. Let d be y(-8). Let h(p) = 17*p - 1. Let q be h(-1). Let x = d + q. Calculate the remainder when 17 is divided by x.
1
Suppose -2*f + 224 = 4*m, -10*m + 301 = 3*f - 11*m. What is the remainder when f is divided by 26?
24
Let r = 24 - -101. Let u = -121 + r. What is the remainder when 9 is divided by u?
1
Suppose -16*r - 5*v = -19*r + 303, -5*r + 483 = -v. What is the remainder when r is divided by 17?
11
Let m(g) = 6*g - g + 33 - 4*g. Let c = -110 + 122. What is the remainder when m(0) is divided by c?
9
Let x = 436 - 362. What is the remainder when 591 is divided by x?
73
Suppose -1731*r = -1735*r + 48. Let c be (-104)/10 + 2/5. Let q = c - -17. What is the remainder when r is divided by q?
5
Suppose -22*x = -48*x + 19448. What is the remainder when x is divided by 50?
48
Let z(y) = -y**3 - 3*y**2 - 4*y - 1. Suppose 5*g + 28 - 8 = 0. What is the remainder when z(g) is divided by 11?
9
What is the remainder when 116/(-6)*(2 - (13 - 8)) is divided by 35?
23
Let s = 51 + -32. Let b = -1045 + 1056. What is the remainder when s is divided by b?
8
Let w(o) = 2*o + 3*o**2 + 3 + o - 2*o**2 - o. Suppose 11 + 9 = -4*k. What is the remainder when 71 is divided by w(k)?
17
Let c be (-10)/(-6) + 2/(-3). Suppose 4 = -2*q - 4*j, -2 = -3*q - 5*j - 5. What is the remainder when q is divided by (-1 - -2 - 0)*c?
0
Suppose 0 = -3*h + 5*a + 64, -3*a + 62 = 4*h + 2*a. Let x = 22 - h. Suppose 0 = x*b - b - 12. What is the remainder when b is divided by 2?
0
Suppose p - 53 = -58. Let b(i) = -i**3 - 2*i**2 + 2*i + 4. Calculate the remainder when b(p) is divided by 7.
6
Let r(s) = 2*s**2 + 74*s + 263. Calculate the remainder when r(-41) is divided by 119.
115
Suppose 2*q - 3*a = 17, 14 = 3*q + q - 2*a. Calculate the remainder when 3/(3/(-6) - -2) is divided by q.
0
Suppose -2*p + 30 = y, 0 = 2*y - y - p - 45. Calculate the remainder when y is divided by ((-21)/(-6))/((-2)/(-12)).
19
Suppose -324 + 14 = -5*h. Calculate the remainder when h is divided by -6 - -10 - (-2 - 10).
14
Suppose 0 = 5*c - 20, -5*o - 10 = -7*o - 2*c. Calculate the remainder when 201 is divided by 18*o - ((-16)/4 - -5).
14
What is the remainder when 1282/12 + (-5)/(-180)*6 is divided by 14?
9
Suppose -2*d = 3*d - 20. Suppose -d*m + 2*m = 0. Suppose -5*p = 4*x + 7, m = x + 3*x + 12. What is the remainder when 1 is divided by p?
0
Suppose 3*l + 3*c = -0*l - 78, -l + c = 30. Let q be (-339)/(-7) + l/(-49). Suppose i - 2*i + q = 0. Calculate the remainder when i is divided by 17.
15
Let w(g) = g**2 + 25*g - 6. Let n be w(-25). Let t(q) = q**2 + 2*q + 4. What is the remainder when t(n) is divided by 15?
13
Suppose -3*s = -8*s. Suppose 2*k - 46 = -s*k. What is the remainder when k is divided by ((-4 - 0) + 3)*-8?
7
Suppose -4*r = -0*r + 20, -5*r - 17 = -x. Let h(g) = 4*g + 54. Calculate the remainder when 129 is divided by h(x).
19
Let q(j) = j + 17. Let p be q(15). Let b = 36 - p. Suppose b*o = 47 + 21. Calculate the remainder when 82 is divided by o.
14
Suppose 4*z - 5*p = -1670, -7*p = -z - 2*p - 425. Let s = 594 + z. What is the remainder when s is divided by 26?
23
Let b = 19 - 15. Suppose -12 = b*l + 16. Let k = l - -16. Calculate the remainder when 53 is divided by k.
8
Suppose 0 = -3*h + 15, -3*m - 4*h = -105 + 31. Let l be ((-20)/(-6))/(6/135). Let a = l - 42. Calculate the remainder when a is divided by m.
15
Suppose 349 = 2*s + 5*c, 17 = c + 20. Calculate the remainder when s is divided by 33.
17
Let i = 2 - 1. Let q(f) = -f**3 + f**2 - f + 2. Let x be q(2). What is the remainder when (-2*2/x)/((-4)/(-4)) is divided by i?
0
Let m(d) = 36*d - 95. What is the remainder when m(4) is divided by 14?
7
Let o(l) = -l**3 - 5*l**2 + 3*l - 7. Let r(d) = 735*d**3 - d**2 + d - 1. Let q be r(1). Calculate the remainder when q/18 - (-2)/9 is divided by o(-6).
8
Let c be (0 - -23) + (-5 - -4). Let a(b) = b + 6. Let u be a(-4). Let w = c + u. What is the remainder when 95 is divided by w?
23
Let l be (-66)/4*6/9. Let u(v) = -v - 11. Let s be u(l). Suppose 8 